 of 1553022?
True
Is 71 a factor of 17699291?
False
Does 287 divide 239776?
False
Is 1594874 a multiple of 36?
False
Does 713 divide 3351100?
True
Is 1405800 a multiple of 44?
True
Is 44 a factor of 433270?
False
Is 173304 a multiple of 249?
True
Is 32596 a multiple of 3?
False
Does 60 divide 5968260?
True
Does 76 divide 6504537?
False
Does 114 divide 61788?
True
Does 9 divide 7919?
False
Is 8 a factor of 276598?
False
Does 968 divide 1573968?
True
Is 91837 a multiple of 54?
False
Is 499 a factor of 746504?
True
Is 3493292 a multiple of 15?
False
Does 65 divide 352365?
True
Is 245344 a multiple of 136?
True
Is 166047 a multiple of 151?
False
Is 157745 a multiple of 7?
True
Is 9 a factor of 41603?
False
Does 60 divide 128820?
True
Is 19 a factor of 2556935?
False
Is 9482014 a multiple of 46?
False
Is 161230 a multiple of 10?
True
Does 123 divide 315618?
True
Is 667530 a multiple of 3?
True
Does 20 divide 20913320?
True
Is 374 a factor of 586554?
False
Is 46116 a multiple of 84?
True
Does 63 divide 259572?
False
Is 10477062 a multiple of 174?
True
Does 3 divide 39949?
False
Does 452 divide 48935?
False
Is 54236 a multiple of 52?
True
Is 86688 a multiple of 9?
True
Is 1346 a factor of 741239?
False
Is 9577549 a multiple of 197?
True
Is 19578 a multiple of 424?
False
Does 12 divide 1673015?
False
Does 21 divide 3430179?
False
Is 82 a factor of 34679?
False
Is 1257758 a multiple of 260?
False
Is 5 a factor of 826085?
True
Does 17 divide 950351?
True
Does 18 divide 2429599?
False
Is 25 a factor of 191474?
False
Does 9 divide 956826?
True
Is 3670016 a multiple of 8?
True
Is 1199235 a multiple of 15?
True
Is 897776 a multiple of 835?
False
Does 44 divide 614952?
False
Is 200 a factor of 400600?
True
Is 19787702 a multiple of 22?
True
Is 26052 even?
True
Does 189 divide 1073115?
False
Is 356 a factor of 448789?
False
Is 540 a factor of 8004420?
True
Does 724 divide 16430616?
False
Does 52 divide 789897?
False
Is 60 a factor of 16718?
False
Does 45 divide 86715?
True
Is 574449 a multiple of 183?
False
Is 87 a factor of 545316?
True
Does 15 divide 1804938?
False
Is 17 a factor of 1856903?
False
Is 211134 a multiple of 231?
True
Does 24 divide 153120?
True
Does 766 divide 2434348?
True
Does 30 divide 1272270?
True
Is 615 a factor of 25830?
True
Is 321081 a multiple of 43?
True
Is 658147 a multiple of 2?
False
Is 78672 a multiple of 447?
True
Does 36 divide 1721770?
False
Is 308767 a multiple of 131?
True
Is 234523 a multiple of 29?
True
Is 1249649 a multiple of 994?
False
Is 3483285 a multiple of 217?
False
Is 15 a factor of 3945?
True
Is 209 a factor of 1325915?
False
Is 53 a factor of 1341495?
False
Is 129 a factor of 356617?
False
Does 16 divide 6134464?
True
Does 103 divide 6372055?
False
Does 113 divide 2371305?
True
Is 660884 a multiple of 14?
True
Is 19 a factor of 3265587?
True
Does 577 divide 8303030?
True
Is 124 a factor of 349452?
False
Is 69514 a multiple of 38?
False
Is 13 a factor of 193464?
False
Is 192 a factor of 1811555?
False
Does 323 divide 116463?
False
Is 671720 a multiple of 37?
False
Does 5 divide 42695?
True
Does 256 divide 65842?
False
Is 1474026 a multiple of 101?
False
Does 180 divide 2223319?
False
Is 76 a factor of 259008?
True
Is 8507766 a multiple of 306?
False
Does 34 divide 2490228?
True
Is 43 a factor of 536253?
True
Does 331 divide 2410675?
False
Does 79 divide 1149292?
True
Does 27 divide 270785?
False
Is 12579397 a multiple of 74?
False
Is 231438 a multiple of 51?
True
Is 12 a factor of 6041793?
False
Does 76 divide 468540?
True
Is 154334 a multiple of 2?
True
Does 101 divide 3228696?
False
Is 717016 a multiple of 22?
False
Is 7985542 a multiple of 27?
False
Is 109826 a multiple of 617?
True
Does 764 divide 321644?
True
Is 436445 a multiple of 22?
False
Is 88 a factor of 2438229?
False
Is 37 a factor of 2469?
False
Is 38 a factor of 740679?
False
Is 5453689 a multiple of 181?
False
Is 21 a factor of 8547?
True
Is 1418488 a multiple of 8?
True
Is 15 a factor of 235652?
False
Is 2223819 a multiple of 687?
True
Does 31 divide 743380?
True
Is 216269 a multiple of 54?
False
Is 11 a factor of 5997755?
False
Is 29105837 a multiple of 1351?
False
Is 19 a factor of 12635?
True
Is 2175329 a multiple of 247?
True
Is 715 a factor of 13966810?
True
Is 48 a factor of 8365104?
True
Is 70 a factor of 1404200?
True
Is 84834 a multiple of 11?
False
Does 47 divide 4278149?
False
Is 905100 a multiple of 19?
False
Does 38 divide 26372?
True
Is 123754 a multiple of 86?
True
Is 279360 a multiple of 40?
True
Does 22 divide 5214?
True
Is 15532525 a multiple of 17?
False
Does 117 divide 4183569?
True
Is 893214 a multiple of 378?
True
Does 758 divide 10871595?
False
Is 6 a factor of 16221906?
True
Does 24 divide 188496?
True
Is 106 a factor of 267438?
True
Is 82188 a multiple of 108?
True
Is 19 a factor of 23864?
True
Is 114 a factor of 139080?
True
Is 20 a factor of 2025657?
False
Is 8266707 a multiple of 117?
False
Is 256704 a multiple of 16?
True
Is 160 a factor of 91019?
False
Is 297 a factor of 24756435?
True
Is 408626 a multiple of 11?
False
Is 285 a factor of 1042586?
False
Is 209991 a multiple of 22?
False
Is 15 a factor of 3302397?
False
Is 17 a factor of 892892?
False
Is 22 a factor of 54412?
False
Does 24 divide 102395?
False
Is 116 a factor of 38819?
False
Is 26 a factor of 52396?
False
Does 40 divide 128680?
True
Does 202 divide 4848?
True
Is 194988 a multiple of 14?
False
Is 49374 a multiple of 67?
False
Is 720 a factor of 727407?
False
Is 112 a factor of 292544?
True
Does 6 divide 28449?
False
Is 90 a factor of 2209716?
False
Does 625 divide 879375?
True
Does 134 divide 980210?
True
Is 30 a factor of 303060?
True
Is 4725108 a multiple of 27?
True
Does 2 divide 643437?
False
Is 9 a factor of 1284870?
False
Is 77 a factor of 38097?
False
Is 451 a factor of 226402?
True
Is 3344770 a multiple of 286?
True
Does 1208 divide 9055168?
True
Is 84 a factor of 4789932?
True
Is 114665 a multiple of 6?
False
Does 14 divide 955?
False
Is 10 a factor of 1199400?
True
Does 29 divide 29035?
False
Is 26 a factor of 10373855?
False
Is 24 a factor of 467664?
True
Is 1111200 a multiple of 40?
True
Does 4 divide 5576516?
True
Is 391159 a multiple of 38?
False
Does 372 divide 1471824?
False
Is 806360 a multiple of 447?
False
Is 92 a factor of 759830?
False
Does 121 divide 32271?
False
Is 22 a factor of 3799717?
False
Is 242850 a multiple of 25?
True
Is 422 a factor of 3375886?
False
Does 3 divide 160765?
False
Does 13 divide 2643953?
True
Does 18 divide 1044486?
True
Does 39 divide 1506219?
True
Is 55 a factor of 58795?
True
Does 114 divide 74838?
False
Does 10 divide 27610?
True
Is 15 a factor of 3042505?
False
Does 20 divide 57260?
True
Is 9831774 a multiple of 62?
True
Is 17 a factor of 3256256?
False
Is 2289537 a multiple of 71?
True
Is 112548 a multiple of 332?
True
Is 4313728 a multiple of 128?
True
Does 95 divide 265193?
False
Is 456 a factor of 78004?
False
Does 85 divide 135703?
False
Is 88146 a multiple of 354?
True
Is 2563103 a multiple of 309?
False
Is 9078420 a multiple of 10?
True
Does 13 divide 359895?
False
Is 1579879 a multiple of 37?
False
Is 214280 a multiple of 11?
True
Is 668871 a multiple of 15?
False
Is 1885 a factor of 14789710?
True
Is 16658 even?
True
Is 3 a factor of 507?
True
Does 25 divide 1509925?
True
Does 3 divide 1049451?
True
Is 25 a factor of 2830500?
True
Does 13 divide 391944?
False
Is 79 a factor of 150574?
True
Does 72 divide 51063?
False
Is 30 a factor of 809905?
False
Does 41 divide 2573451?
False
Is 592848 even?
True
Is 947358 a multiple of 18?
True
Does 78 divide 14328313?
False
Is 10 a factor of 193646?
False
Does 181 divide 834058?
False
Is 246978 a multiple of 33?
False
Is 9 a factor of 34002?
True
Does 45 divide 9836730?
True
Does 13 divide 1971177?
True
Does 282 divide 122388?
True
Is 808965 a multiple of 12?
False
Is 43 a factor of 207764?
False
Is 445 a factor of 4506132?
False
Does 13 divide 4420?
True
Does 1808 divide 18247482?
False
Is 130 a factor of 97760?
True
Is 7416736 a multiple of 164?
True
Does 12 divide 33924?
True
Is 1517480 a multiple of 10?
True
Is 658896 a multiple of 74?
True
Is 202183 a multiple of 60?
False
Is 12 a factor of 211271?
False
Is 631 a factor of 1019065?
True
Is 186 a